{"id":111,"date":"2011-09-19T02:42:07","date_gmt":"2011-09-19T04:42:07","guid":{"rendered":"http:\/\/www.educacionrural.org\/?page_id=111"},"modified":"2017-10-09T19:01:56","modified_gmt":"2017-10-09T21:01:56","slug":"g-maestra-urbana-en-el-medio-rural","status":"publish","type":"page","link":"https:\/\/www.educacionrural.org\/?page_id=111","title":{"rendered":"G, maestra urbana en el medio rural"},"content":{"rendered":"<p>Nombre: G.<\/p>\n<p><strong>\u00bfCu\u00e1ntos a\u00f1os hace que eres maestra?<\/strong><\/p>\n<p>Hace ocho a\u00f1os que soy maestra.<\/p>\n<p><strong>\u00bfElegiste ser maestra por vocaci\u00f3n?<\/strong><\/p>\n<p>S\u00ed.<\/p>\n<p><strong>\u00bfEst\u00e1s trabajando en escuela rural por propia elecci\u00f3n u obligada por las circunstancias?<\/strong><\/p>\n<p>Trabajo en una escuela de Montevideo. Trabaj\u00e9 tres a\u00f1os en una escuela rural obligada por las circunstancias.<\/p>\n<p><strong>\u00bfConsideras que tu formaci\u00f3n como docente fue la apropiada para trabajar en la escuela rural? \u00bfPor qu\u00e9?<\/strong><\/p>\n<p>Considero que la formaci\u00f3n que recib\u00ed no me prepar\u00f3 para ser maestra rural. Soy montevideana y el campo era para m\u00ed algo lejano y totalmente desconocido. Tomaba contacto con \u201clo rural\u201d en semana de turismo en las jineteadas, o cuando se realizaban las exposiciones en la Rural del Prado.<\/p>\n<p>El impacto que me signific\u00f3 vivir en el interior del pa\u00eds y trabajar en el medio rural es indescriptible. Me sent\u00ed desterrada. Me abrumaban la soledad, el silencio, los atardeceres, el trabajar con distintos niveles, la escasez de recursos, el desconocimiento del medio, los c\u00f3digos tan diferentes. En pocas palabras todo me causaba inquietud y me hac\u00eda sentir insegura, sin medios para vencer los obst\u00e1culos que encontraba a cada paso. Quiz\u00e1 influ\u00eda mucho en ese estado de esp\u00edritu el hecho de que reci\u00e9n me hab\u00eda recibido y ten\u00eda un mont\u00f3n de sue\u00f1os locos y una falta total de experiencia.<\/p>\n<p><strong>\u00bfCu\u00e1l es la formaci\u00f3n espec\u00edfica que tendr\u00eda que tener un maestro rural?<\/strong><\/p>\n<p>Creo exactamente eso, que tendr\u00eda que tener una formaci\u00f3n espec\u00edfica.<br \/>\nDe acuerdo a mis vivencias en primer lugar se le tendr\u00eda que armar emocionalmente para desenvolverse sin angustias y con solvencia en un medio que desconoce, para aprender de ese medio y enriquecerse en \u00e9l como docente y como persona.<br \/>\nDesde el punto de vista t\u00e9cnico se le tendr\u00eda que preparar para trabajar en el aula con distintos niveles y aportarle conocimientos sobre la realidad campesina, tan diferente a la urbana, para poder adecuar los aprendizajes al contexto en el que viven sus alumnos. Se le tendr\u00eda que habilitar para comprender m\u00e1s profundamente al ni\u00f1o y al hombre del campo, su \u00f3ptica, sus c\u00f3digos, toda esa problem\u00e1tica tan compleja y en general desconocida para los maestros urbanos.<\/p>\n<p><strong>\u00bfQu\u00e9 significa para ti ser maestro rural?<\/strong><\/p>\n<p>Fui tres a\u00f1os maestra rural y fueron a\u00f1os de hondo sufrimiento y de duros cuestionamientos porque respeto mi profesi\u00f3n y sent\u00eda que no estaba desarrollando mi labor debidamente. Quise mucho a mis alumnos y era feliz con ellos pero eso no me alcanzaba. Trat\u00e9 de hacer lo mejor que pude pero s\u00e9 que mi trabajo result\u00f3 totalmente insuficiente y por momentos inadecuado, fui una maestra urbana en un medio rural.<br \/>\nPara m\u00ed ser maestro significa una enorme responsabilidad y un serio compromiso. Ser maestro rural significa eso y algo m\u00e1s: desprendimiento personal, ansias de superarse a\u00fan en circunstancias adversas, mayor fervor y mayor entrega.<\/p>\n<p><strong>\u00bfLa experiencia hace que cambie en los maestros el concepto que ten\u00edan de su trabajo en el medio rural?<\/strong><\/p>\n<p>En lo personal nunca me plante\u00e9 ser maestra campesina, como he dicho, fueron las circunstancias que me llevaron a serlo. Pero esas circunstancias hicieron que cambiara radicalmente el concepto que ten\u00eda de \u201cser maestro\u201d y que analizara lo que entra\u00f1aba ser \u201cmaestro rural\u201d.<\/p>\n<p>Estoy convencida que todos los docentes tendr\u00edan que tener una pasant\u00eda en una escuela rural, con la debida formaci\u00f3n y asesoramiento permanente.<\/p>\n<p>El trabajo en el medio rural me enriqueci\u00f3. Me hizo madurar, valor\u00e9 mucho m\u00e1s a mis colegas del interior; conoc\u00ed la inteligencia vivaz y escondida de los ni\u00f1os del campo; aprend\u00ed a estimar y respetar mucho m\u00e1s a la gente que realiza las tareas rurales. Entend\u00ed que \u201cmi \u00f3ptica montevideana\u201d es parcial y algunas veces equivocada. Me hice m\u00e1s humilde.<br \/>\nTrabajar en la Escuela Rural signific\u00f3 un fuerte impacto en mi vida, creo que me hizo mejor persona.<\/p>\n<p><strong>\u00bfQu\u00e9 es lo m\u00e1s disfrutable para ti en el proceso de ense\u00f1anza-aprendizaje?<\/strong><\/p>\n<p>El contacto diario con los ni\u00f1os.<\/p>\n<p><strong>\u00bfC\u00f3mo ha repercutido en el medio rural la incorporaci\u00f3n de nuevas tecnolog\u00edas en la inform\u00e1tica y la comunicaci\u00f3n?<\/strong><\/p>\n<p>No lo s\u00e9 en el presente. Cuando trabaj\u00e9 en el medio rural, hace cinco a\u00f1os, en la zona en la que actuaba las nuevas tecnolog\u00edas inform\u00e1ticas no hab\u00edan llegado, al menos a las escuelas. La incorporaci\u00f3n de algunos celulares fue toda una revoluci\u00f3n. Pese a que a veces la se\u00f1al se perd\u00eda y qued\u00e1bamos incomunicados, el v\u00ednculo que significaron fue de enorme trascendencia.<\/p>\n<p>&nbsp;<\/p>\n<p>&nbsp;<\/p>\n","protected":false},"excerpt":{"rendered":"<p>Nombre: G. \u00bfCu\u00e1ntos a\u00f1os hace que eres maestra? Hace ocho a\u00f1os que soy maestra. \u00bfElegiste ser maestra por vocaci\u00f3n? S\u00ed. \u00bfEst\u00e1s trabajando en escuela rural por propia elecci\u00f3n u obligada por las circunstancias? Trabajo en una escuela de Montevideo. Trabaj\u00e9 tres a\u00f1os en una escuela rural obligada por las circunstancias. \u00bfConsideras que tu formaci\u00f3n como &#8230; <a title=\"G, maestra urbana en el medio rural\" class=\"read-more\" href=\"https:\/\/www.educacionrural.org\/?page_id=111\" aria-label=\"Leer m\u00e1s sobre G, maestra urbana en el medio rural\">Leer m\u00e1s<\/a><\/p>\n","protected":false},"author":5,"featured_media":0,"parent":21,"menu_order":81,"comment_status":"closed","ping_status":"closed","template":"","meta":{"footnotes":""},"class_list":["post-111","page","type-page","status-publish"],"_links":{"self":[{"href":"https:\/\/www.educacionrural.org\/index.php?rest_route=\/wp\/v2\/pages\/111","targetHints":{"allow":["GET"]}}],"collection":[{"href":"https:\/\/www.educacionrural.org\/index.php?rest_route=\/wp\/v2\/pages"}],"about":[{"href":"https:\/\/www.educacionrural.org\/index.php?rest_route=\/wp\/v2\/types\/page"}],"author":[{"embeddable":true,"href":"https:\/\/www.educacionrural.org\/index.php?rest_route=\/wp\/v2\/users\/5"}],"replies":[{"embeddable":true,"href":"https:\/\/www.educacionrural.org\/index.php?rest_route=%2Fwp%2Fv2%2Fcomments&post=111"}],"version-history":[{"count":7,"href":"https:\/\/www.educacionrural.org\/index.php?rest_route=\/wp\/v2\/pages\/111\/revisions"}],"predecessor-version":[{"id":3811,"href":"https:\/\/www.educacionrural.org\/index.php?rest_route=\/wp\/v2\/pages\/111\/revisions\/3811"}],"up":[{"embeddable":true,"href":"https:\/\/www.educacionrural.org\/index.php?rest_route=\/wp\/v2\/pages\/21"}],"wp:attachment":[{"href":"https:\/\/www.educacionrural.org\/index.php?rest_route=%2Fwp%2Fv2%2Fmedia&parent=111"}],"curies":[{"name":"wp","href":"https:\/\/api.w.org\/{rel}","templated":true}]}}