{"id":1305,"date":"2012-05-14T15:36:41","date_gmt":"2012-05-14T17:36:41","guid":{"rendered":"http:\/\/www.educacionrural.org\/?page_id=1305"},"modified":"2017-10-09T18:34:06","modified_gmt":"2017-10-09T20:34:06","slug":"escuela-rural-puntas-del-sauce-departamento-de-flores","status":"publish","type":"page","link":"https:\/\/www.educacionrural.org\/?page_id=1305","title":{"rendered":"Flores &#8211; Escuela Rural Puntas del Sauce"},"content":{"rendered":"<h1>Escuela Rural\u00a0 N\u00b0 13 \u00abClemente Estable\u00bb<\/h1>\n<div>\n<p><span style=\"color: #0000ff;\">Un criadero de pollos y de carneros son, para esta escuela, los disparadores de muchas cosas:<\/span><\/p>\n<p><span style=\"color: #0000ff;\">&#8211; Un proyecto productivo realizado con la participaci\u00f3n de los propios alumnos.<\/span><\/p>\n<p><span style=\"color: #0000ff;\">&#8211; La generaci\u00f3n de una multiplicidad de elementos did\u00e1cticos para el desarrollo de los cursos en los diferentes niveles.<\/span><\/p>\n<p><span style=\"color: #0000ff;\">-El v\u00ednculo y fortalecimiento del sentido de pertenencia de la gente de la zona con la escuela.<\/span><\/p>\n<p><span style=\"color: #0000ff;\">-El apoyo e involucramiento directo de muchas personas que hacen posible este proyecto.<\/span><\/p>\n<\/div>\n<p><a href=\"http:\/\/www.educacionrural.org\/wp-content\/uploads\/maestra-flores.jpg\"><img loading=\"lazy\" decoding=\"async\" class=\"alignnone size-full wp-image-1745\" src=\"http:\/\/www.educacionrural.org\/wp-content\/uploads\/maestra-flores.jpg\" alt=\"maestra flores\" width=\"597\" height=\"343\" srcset=\"https:\/\/www.educacionrural.org\/wp-content\/uploads\/maestra-flores.jpg 597w, https:\/\/www.educacionrural.org\/wp-content\/uploads\/maestra-flores-300x172.jpg 300w\" sizes=\"auto, (max-width: 597px) 100vw, 597px\" \/><\/a><\/p>\n","protected":false},"excerpt":{"rendered":"<p>Escuela Rural\u00a0 N\u00b0 13 \u00abClemente Estable\u00bb Un criadero de pollos y de carneros son, para esta escuela, los disparadores de muchas cosas: &#8211; Un proyecto productivo realizado con la participaci\u00f3n de los propios alumnos. &#8211; La generaci\u00f3n de una multiplicidad de elementos did\u00e1cticos para el desarrollo de los cursos en los diferentes niveles. -El v\u00ednculo &#8230; <a title=\"Flores &#8211; Escuela Rural Puntas del Sauce\" class=\"read-more\" href=\"https:\/\/www.educacionrural.org\/?page_id=1305\" aria-label=\"Leer m\u00e1s sobre Flores &#8211; Escuela Rural Puntas del Sauce\">Leer m\u00e1s<\/a><\/p>\n","protected":false},"author":2,"featured_media":0,"parent":21,"menu_order":28,"comment_status":"closed","ping_status":"closed","template":"","meta":{"footnotes":""},"class_list":["post-1305","page","type-page","status-publish"],"_links":{"self":[{"href":"https:\/\/www.educacionrural.org\/index.php?rest_route=\/wp\/v2\/pages\/1305","targetHints":{"allow":["GET"]}}],"collection":[{"href":"https:\/\/www.educacionrural.org\/index.php?rest_route=\/wp\/v2\/pages"}],"about":[{"href":"https:\/\/www.educacionrural.org\/index.php?rest_route=\/wp\/v2\/types\/page"}],"author":[{"embeddable":true,"href":"https:\/\/www.educacionrural.org\/index.php?rest_route=\/wp\/v2\/users\/2"}],"replies":[{"embeddable":true,"href":"https:\/\/www.educacionrural.org\/index.php?rest_route=%2Fwp%2Fv2%2Fcomments&post=1305"}],"version-history":[{"count":5,"href":"https:\/\/www.educacionrural.org\/index.php?rest_route=\/wp\/v2\/pages\/1305\/revisions"}],"predecessor-version":[{"id":3842,"href":"https:\/\/www.educacionrural.org\/index.php?rest_route=\/wp\/v2\/pages\/1305\/revisions\/3842"}],"up":[{"embeddable":true,"href":"https:\/\/www.educacionrural.org\/index.php?rest_route=\/wp\/v2\/pages\/21"}],"wp:attachment":[{"href":"https:\/\/www.educacionrural.org\/index.php?rest_route=%2Fwp%2Fv2%2Fmedia&parent=1305"}],"curies":[{"name":"wp","href":"https:\/\/api.w.org\/{rel}","templated":true}]}}