{"id":1313,"date":"2012-05-16T11:12:59","date_gmt":"2012-05-16T13:12:59","guid":{"rendered":"http:\/\/www.educacionrural.org\/?page_id=1313"},"modified":"2017-10-09T18:36:17","modified_gmt":"2017-10-09T20:36:17","slug":"direccion-alumnado-y-personal-de-la-escuela-rural-n13","status":"publish","type":"page","link":"https:\/\/www.educacionrural.org\/?page_id=1313","title":{"rendered":"Flores &#8211; Direcci\u00f3n, alumnado y personal de la Escuela Rural N\u00b013"},"content":{"rendered":"<p><a href=\"http:\/\/www.educacionrural.org\/wp-content\/uploads\/IMG_3364.jpg\"><img loading=\"lazy\" decoding=\"async\" class=\"alignleft size-large wp-image-1314\" src=\"http:\/\/www.educacionrural.org\/wp-content\/uploads\/IMG_3364-1024x768.jpg\" alt=\"IMG_3364\" width=\"702\" height=\"527\" srcset=\"https:\/\/www.educacionrural.org\/wp-content\/uploads\/IMG_3364-1024x768.jpg 1024w, https:\/\/www.educacionrural.org\/wp-content\/uploads\/IMG_3364-300x225.jpg 300w\" sizes=\"auto, (max-width: 702px) 100vw, 702px\" \/><\/a><\/p>\n<p><!-- [if gte mso 9]><xml>\n<w:WordDocument>\n<w:View>Normal<\/w:View>\n<w:Zoom>0<\/w:Zoom>\n<w:HyphenationZone>21<\/w:HyphenationZone>\n<w:PunctuationKerning\/>\n<w:ValidateAgainstSchemas\/>\n<w:SaveIfXMLInvalid>false<\/w:SaveIfXMLInvalid>\n<w:IgnoreMixedContent>false<\/w:IgnoreMixedContent>\n<w:AlwaysShowPlaceholderText>false<\/w:AlwaysShowPlaceholderText>\n<w:Compatibility>\n<w:BreakWrappedTables\/>\n<w:SnapToGridInCell\/>\n<w:WrapTextWithPunct\/>\n<w:UseAsianBreakRules\/>\n<w:DontGrowAutofit\/>\n<\/w:Compatibility>\n<w:BrowserLevel>MicrosoftInternetExplorer4<\/w:BrowserLevel>\n<\/w:WordDocument>\n<\/xml><![endif]--><\/p>\n<p><!-- [if gte mso 9]><xml>\n<w:LatentStyles DefLockedState=\"false\" LatentStyleCount=\"156\">\n<\/w:LatentStyles>\n<\/xml><![endif]--><!-- [if gte mso 10]>\n\n\n\n<style>\n \/* Style Definitions *\/<br \/>table.MsoNormalTable<br \/>{mso-style-name:\"Tabla normal\";<br \/>mso-tstyle-rowband-size:0;<br \/>mso-tstyle-colband-size:0;<br \/>mso-style-noshow:yes;<br \/>mso-style-parent:\"\";<br \/>mso-padding-alt:0cm 5.4pt 0cm 5.4pt;<br \/>mso-para-margin:0cm;<br \/>mso-para-margin-bottom:.0001pt;<br \/>mso-pagination:widow-orphan;<br \/>font-size:10.0pt;<br \/>font-family:\"Times New Roman\";<br \/>mso-ansi-language:#0400;<br \/>mso-fareast-language:#0400;<br \/>mso-bidi-language:#0400;}<br \/><\/style>\n\n<![endif]--><em><span style=\"font-family: Arial;\">Maestra y Alumnos Escuela Rural N\u00b013<\/span><\/em><\/p>\n<p>La Directora de la Escuela Rural N\u00b013 \u201cClemente Estable\u201d \u00a0es la Sra. Marianela Rodr\u00edguez, una maestra joven que\u00a0 se muestra muy involucrada en su labor.<\/p>\n<p>En este centro docente, de maestro \u00fanico, cursan estudios quince alumnos, el m\u00e1s peque\u00f1o tiene cuatro a\u00f1os, el resto del alumnado se distribuye en los diferentes grados hasta 5\u00b0 a\u00f1o.<\/p>\n<p>Son ni\u00f1os que nos reciben en forma cordial y respetuosa, revelando espontaneidad, desenvoltura y disciplina.<\/p>\n<p><a href=\"http:\/\/www.educacionrural.org\/wp-content\/uploads\/IMG_3368.jpg\"><img loading=\"lazy\" decoding=\"async\" class=\"alignleft size-large wp-image-1315\" src=\"http:\/\/www.educacionrural.org\/wp-content\/uploads\/IMG_3368-1024x768.jpg\" alt=\"IMG_3368\" width=\"342\" height=\"257\" srcset=\"https:\/\/www.educacionrural.org\/wp-content\/uploads\/IMG_3368-1024x768.jpg 1024w, https:\/\/www.educacionrural.org\/wp-content\/uploads\/IMG_3368-300x225.jpg 300w\" sizes=\"auto, (max-width: 342px) 100vw, 342px\" \/><\/a><a href=\"http:\/\/www.educacionrural.org\/wp-content\/uploads\/IMG_3383-editada.jpg\"><img loading=\"lazy\" decoding=\"async\" class=\"alignleft size-large wp-image-1321\" style=\"float: right;\" src=\"http:\/\/www.educacionrural.org\/wp-content\/uploads\/IMG_3383-editada-1024x947.jpg\" alt=\"IMG_3383 editada\" width=\"276\" height=\"255\" srcset=\"https:\/\/www.educacionrural.org\/wp-content\/uploads\/IMG_3383-editada-1024x947.jpg 1024w, https:\/\/www.educacionrural.org\/wp-content\/uploads\/IMG_3383-editada-300x277.jpg 300w\" sizes=\"auto, (max-width: 276px) 100vw, 276px\" \/><\/a><\/p>\n<p>&nbsp;<\/p>\n<p>&nbsp;<\/p>\n<p>&nbsp;<\/p>\n<p>&nbsp;<\/p>\n<p>&nbsp;<\/p>\n<p>&nbsp;<\/p>\n<p>&nbsp;<\/p>\n<p>&nbsp;<\/p>\n<p>La Escuela cuenta con una auxiliar, ex alumna del establecimiento, que est\u00e1 plenamente \u00a0comprometida con las actividades del centro docente.<\/p>\n<p><a href=\"http:\/\/www.educacionrural.org\/wp-content\/uploads\/ni\u00f1os-en-el-patio-escuela-N\u00b013.jpg\"><img loading=\"lazy\" decoding=\"async\" class=\"alignnone size-full wp-image-1747\" src=\"http:\/\/www.educacionrural.org\/wp-content\/uploads\/ni\u00f1os-en-el-patio-escuela-N\u00b013.jpg\" alt=\"ni\u00f1os en el patio escuela N\u00b013\" width=\"305\" height=\"226\" srcset=\"https:\/\/www.educacionrural.org\/wp-content\/uploads\/ni\u00f1os-en-el-patio-escuela-N\u00b013.jpg 305w, https:\/\/www.educacionrural.org\/wp-content\/uploads\/ni\u00f1os-en-el-patio-escuela-N\u00b013-300x222.jpg 300w\" sizes=\"auto, (max-width: 305px) 100vw, 305px\" \/><\/a><\/p>\n","protected":false},"excerpt":{"rendered":"<p>Maestra y Alumnos Escuela Rural N\u00b013 La Directora de la Escuela Rural N\u00b013 \u201cClemente Estable\u201d \u00a0es la Sra. Marianela Rodr\u00edguez, una maestra joven que\u00a0 se muestra muy involucrada en su labor. En este centro docente, de maestro \u00fanico, cursan estudios quince alumnos, el m\u00e1s peque\u00f1o tiene cuatro a\u00f1os, el resto del alumnado se distribuye en &#8230; <a title=\"Flores &#8211; Direcci\u00f3n, alumnado y personal de la Escuela Rural N\u00b013\" class=\"read-more\" href=\"https:\/\/www.educacionrural.org\/?page_id=1313\" aria-label=\"Leer m\u00e1s sobre Flores &#8211; Direcci\u00f3n, alumnado y personal de la Escuela Rural N\u00b013\">Leer m\u00e1s<\/a><\/p>\n","protected":false},"author":2,"featured_media":0,"parent":21,"menu_order":30,"comment_status":"closed","ping_status":"closed","template":"","meta":{"footnotes":""},"class_list":["post-1313","page","type-page","status-publish"],"_links":{"self":[{"href":"https:\/\/www.educacionrural.org\/index.php?rest_route=\/wp\/v2\/pages\/1313","targetHints":{"allow":["GET"]}}],"collection":[{"href":"https:\/\/www.educacionrural.org\/index.php?rest_route=\/wp\/v2\/pages"}],"about":[{"href":"https:\/\/www.educacionrural.org\/index.php?rest_route=\/wp\/v2\/types\/page"}],"author":[{"embeddable":true,"href":"https:\/\/www.educacionrural.org\/index.php?rest_route=\/wp\/v2\/users\/2"}],"replies":[{"embeddable":true,"href":"https:\/\/www.educacionrural.org\/index.php?rest_route=%2Fwp%2Fv2%2Fcomments&post=1313"}],"version-history":[{"count":15,"href":"https:\/\/www.educacionrural.org\/index.php?rest_route=\/wp\/v2\/pages\/1313\/revisions"}],"predecessor-version":[{"id":3847,"href":"https:\/\/www.educacionrural.org\/index.php?rest_route=\/wp\/v2\/pages\/1313\/revisions\/3847"}],"up":[{"embeddable":true,"href":"https:\/\/www.educacionrural.org\/index.php?rest_route=\/wp\/v2\/pages\/21"}],"wp:attachment":[{"href":"https:\/\/www.educacionrural.org\/index.php?rest_route=%2Fwp%2Fv2%2Fmedia&parent=1313"}],"curies":[{"name":"wp","href":"https:\/\/api.w.org\/{rel}","templated":true}]}}

Flores &#8211; Dirección, alumnado y personal de la Escuela Rural N°13

<p><a href="http://www.educacionrural.org/wp-content/uploads/IMG_3364.jpg"><img loading="lazy" decoding="async" class="alignleft size-large wp-image-1314" src="http://www.educacionrural.org/wp-content/uploads/IMG_3364-1024x768.jpg" alt="IMG_3364" width="702" height="527" srcset="https://www.educacionrural.org/wp-content/uploads/IMG_3364-1024x768.jpg 1024w, https://www.educacionrural.org/wp-content/uploads/IMG_3364-300x225.jpg 300w" sizes="auto, (max-width: 702px) 100vw, 702px" /></a></p>
<p><!-- [if gte mso 9]><xml>
<w:WordDocument>
<w:View>Normal</w:View>
<w:Zoom>0</w:Zoom>
<w:HyphenationZone>21</w:HyphenationZone>
<w:PunctuationKerning/>
<w:ValidateAgainstSchemas/>
<w:SaveIfXMLInvalid>false</w:SaveIfXMLInvalid>
<w:IgnoreMixedContent>false</w:IgnoreMixedContent>
<w:AlwaysShowPlaceholderText>false</w:AlwaysShowPlaceholderText>
<w:Compatibility>
<w:BreakWrappedTables/>
<w:SnapToGridInCell/>
<w:WrapTextWithPunct/>
<w:UseAsianBreakRules/>
<w:DontGrowAutofit/>
</w:Compatibility>
<w:BrowserLevel>MicrosoftInternetExplorer4</w:BrowserLevel>
</w:WordDocument>
</xml><![endif]--></p>
<p><!-- [if gte mso 9]><xml>
<w:LatentStyles DefLockedState="false" LatentStyleCount="156">
</w:LatentStyles>
</xml><![endif]--><!-- [if gte mso 10]>



<style>
 /* Style Definitions */<br />table.MsoNormalTable<br />{mso-style-name:"Tabla normal";<br />mso-tstyle-rowband-size:0;<br />mso-tstyle-colband-size:0;<br />mso-style-noshow:yes;<br />mso-style-parent:"";<br />mso-padding-alt:0cm 5.4pt 0cm 5.4pt;<br />mso-para-margin:0cm;<br />mso-para-margin-bottom:.0001pt;<br />mso-pagination:widow-orphan;<br />font-size:10.0pt;<br />font-family:"Times New Roman";<br />mso-ansi-language:#0400;<br />mso-fareast-language:#0400;<br />mso-bidi-language:#0400;}<br /></style>

<![endif]--><em><span style="font-family: Arial;">Maestra y Alumnos Escuela Rural N°13</span></em></p>
<p>La Directora de la Escuela Rural N°13 “Clemente Estable”  es la Sra. Marianela Rodríguez, una maestra joven que  se muestra muy involucrada en su labor.</p>
<p>En este centro docente, de maestro único, cursan estudios quince alumnos, el más pequeño tiene cuatro años, el resto del alumnado se distribuye en los diferentes grados hasta 5° año.</p>
<p>Son niños que nos reciben en forma cordial y respetuosa, revelando espontaneidad, desenvoltura y disciplina.</p>
<p><a href="http://www.educacionrural.org/wp-content/uploads/IMG_3368.jpg"><img loading="lazy" decoding="async" class="alignleft size-large wp-image-1315" src="http://www.educacionrural.org/wp-content/uploads/IMG_3368-1024x768.jpg" alt="IMG_3368" width="342" height="257" srcset="https://www.educacionrural.org/wp-content/uploads/IMG_3368-1024x768.jpg 1024w, https://www.educacionrural.org/wp-content/uploads/IMG_3368-300x225.jpg 300w" sizes="auto, (max-width: 342px) 100vw, 342px" /></a><a href="http://www.educacionrural.org/wp-content/uploads/IMG_3383-editada.jpg"><img loading="lazy" decoding="async" class="alignleft size-large wp-image-1321" style="float: right;" src="http://www.educacionrural.org/wp-content/uploads/IMG_3383-editada-1024x947.jpg" alt="IMG_3383 editada" width="276" height="255" srcset="https://www.educacionrural.org/wp-content/uploads/IMG_3383-editada-1024x947.jpg 1024w, https://www.educacionrural.org/wp-content/uploads/IMG_3383-editada-300x277.jpg 300w" sizes="auto, (max-width: 276px) 100vw, 276px" /></a></p>
<p>&nbsp;</p>
<p>&nbsp;</p>
<p>&nbsp;</p>
<p>&nbsp;</p>
<p>&nbsp;</p>
<p>&nbsp;</p>
<p>&nbsp;</p>
<p>&nbsp;</p>
<p>La Escuela cuenta con una auxiliar, ex alumna del establecimiento, que está plenamente  comprometida con las actividades del centro docente.</p>
<p><a href="http://www.educacionrural.org/wp-content/uploads/niños-en-el-patio-escuela-N°13.jpg"><img loading="lazy" decoding="async" class="alignnone size-full wp-image-1747" src="http://www.educacionrural.org/wp-content/uploads/niños-en-el-patio-escuela-N°13.jpg" alt="niños en el patio escuela N°13" width="305" height="226" srcset="https://www.educacionrural.org/wp-content/uploads/niños-en-el-patio-escuela-N°13.jpg 305w, https://www.educacionrural.org/wp-content/uploads/niños-en-el-patio-escuela-N°13-300x222.jpg 300w" sizes="auto, (max-width: 305px) 100vw, 305px" /></a></p>

<p>Maestra y Alumnos Escuela Rural N°13 La Directora de la Escuela Rural N°13 “Clemente Estable”  es la Sra. Marianela Rodríguez, una maestra joven que  se muestra muy involucrada en su labor. En este centro docente, de maestro único, cursan estudios quince alumnos, el más pequeño tiene cuatro años, el resto del alumnado se distribuye en &#8230; <a title="Flores &#8211; Dirección, alumnado y personal de la Escuela Rural N°13" class="read-more" href="https://www.educacionrural.org/?page_id=1313" aria-label="Leer más sobre Flores &#8211; Dirección, alumnado y personal de la Escuela Rural N°13">Leer más</a></p>
