{"id":1367,"date":"2012-07-05T15:28:11","date_gmt":"2012-07-05T17:28:11","guid":{"rendered":"http:\/\/www.educacionrural.org\/?page_id=1367"},"modified":"2017-10-09T18:41:16","modified_gmt":"2017-10-09T20:41:16","slug":"el-alumnado-del-internado-rural-agustin-ferreiro","status":"publish","type":"page","link":"https:\/\/www.educacionrural.org\/?page_id=1367","title":{"rendered":"Flores &#8211; El alumnado del Internado Rural Agust\u00edn Ferreiro"},"content":{"rendered":"<p>El Internado de la Escuela\u00a0 N\u00ba 5 Agust\u00edn Ferreiro tiene capacidad para albergar 30 escolares.<\/p>\n<p>En la actualidad \u00a0atiende a 23 alumnos.<\/p>\n<p>Los ni\u00f1os son hijos de peones de estancia, de alg\u00fan peque\u00f1o productor y de un funcionario p\u00fablico que est\u00e1 radicado en la zona.<\/p>\n<p><a href=\"http:\/\/www.educacionrural.org\/wp-content\/uploads\/Internado-y-Grutas-050.jpg\"><img loading=\"lazy\" decoding=\"async\" class=\"alignleft size-large wp-image-1368\" src=\"http:\/\/www.educacionrural.org\/wp-content\/uploads\/Internado-y-Grutas-050-1024x768.jpg\" alt=\"Internado y Grutas 050\" width=\"279\" height=\"239\" \/><\/a>\u00a0<a href=\"http:\/\/www.educacionrural.org\/wp-content\/uploads\/Internado-y-Grutas-051.jpg\"><img loading=\"lazy\" decoding=\"async\" class=\"alignleft size-large wp-image-1370\" style=\"float: right;\" src=\"http:\/\/www.educacionrural.org\/wp-content\/uploads\/Internado-y-Grutas-051-1024x768.jpg\" alt=\"Internado y Grutas 051\" width=\"320\" height=\"241\" srcset=\"https:\/\/www.educacionrural.org\/wp-content\/uploads\/Internado-y-Grutas-051-1024x768.jpg 1024w, https:\/\/www.educacionrural.org\/wp-content\/uploads\/Internado-y-Grutas-051-300x225.jpg 300w\" sizes=\"auto, (max-width: 320px) 100vw, 320px\" \/><\/a><\/p>\n<p>&nbsp;<\/p>\n<p>&nbsp;<\/p>\n<p>&nbsp;<\/p>\n<p>&nbsp;<\/p>\n<p>&nbsp;<\/p>\n<p>&nbsp;<\/p>\n<p>&nbsp;<\/p>\n<p>Los alumnos llegan desde Flores y de otros departamentos vecinos: Soriano, Durazno, San Jos\u00e9 y R\u00edo Negro.<\/p>\n<p>Todos provienen del medio rural (exigencia del centro docente) y son ni\u00f1os que por diversos motivos como falta de escuelas cercanas o accidentes geogr\u00e1ficos no pueden llegar a los establecimientos m\u00e1s cercanos.<\/p>\n<p>Los ni\u00f1os ingresan al Internado el d\u00eda lunes por la ma\u00f1ana y se retiran los viernes al mediod\u00eda.<\/p>\n<p>Algunos alumnos se van en \u00f3mnibus, otros son retirados por sus padres y otros viajan a Trinidad con una docente quien se encarga de embarcarlos en las distintas agencias que los llevan a los parajes de los que proceden donde los espera alg\u00fan familiar para acompa\u00f1arlos hasta sus hogares.<\/p>\n<p><a href=\"http:\/\/www.educacionrural.org\/wp-content\/uploads\/Internado-y-Grutas-056.jpg\"><img loading=\"lazy\" decoding=\"async\" class=\"alignleft size-large wp-image-1372\" src=\"http:\/\/www.educacionrural.org\/wp-content\/uploads\/Internado-y-Grutas-056-1024x768.jpg\" alt=\"Internado y Grutas 056\" width=\"317\" height=\"237\" srcset=\"https:\/\/www.educacionrural.org\/wp-content\/uploads\/Internado-y-Grutas-056-1024x768.jpg 1024w, https:\/\/www.educacionrural.org\/wp-content\/uploads\/Internado-y-Grutas-056-300x225.jpg 300w\" sizes=\"auto, (max-width: 317px) 100vw, 317px\" \/><\/a>\u00a0 <a href=\"http:\/\/www.educacionrural.org\/wp-content\/uploads\/Internado-y-Grutas-061.jpg\"><img loading=\"lazy\" decoding=\"async\" class=\"alignleft size-large wp-image-1357\" style=\"float: right;\" src=\"http:\/\/www.educacionrural.org\/wp-content\/uploads\/Internado-y-Grutas-061-1024x768.jpg\" alt=\"Internado y Grutas 061\" width=\"317\" height=\"237\" srcset=\"https:\/\/www.educacionrural.org\/wp-content\/uploads\/Internado-y-Grutas-061-1024x768.jpg 1024w, https:\/\/www.educacionrural.org\/wp-content\/uploads\/Internado-y-Grutas-061-300x225.jpg 300w\" sizes=\"auto, (max-width: 317px) 100vw, 317px\" \/><\/a><\/p>\n","protected":false},"excerpt":{"rendered":"<p>El Internado de la Escuela\u00a0 N\u00ba 5 Agust\u00edn Ferreiro tiene capacidad para albergar 30 escolares. En la actualidad \u00a0atiende a 23 alumnos. Los ni\u00f1os son hijos de peones de estancia, de alg\u00fan peque\u00f1o productor y de un funcionario p\u00fablico que est\u00e1 radicado en la zona. \u00a0 &nbsp; &nbsp; &nbsp; &nbsp; &nbsp; &nbsp; &nbsp; Los alumnos &#8230; <a title=\"Flores &#8211; El alumnado del Internado Rural Agust\u00edn Ferreiro\" class=\"read-more\" href=\"https:\/\/www.educacionrural.org\/?page_id=1367\" aria-label=\"Leer m\u00e1s sobre Flores &#8211; El alumnado del Internado Rural Agust\u00edn Ferreiro\">Leer m\u00e1s<\/a><\/p>\n","protected":false},"author":2,"featured_media":0,"parent":21,"menu_order":39,"comment_status":"closed","ping_status":"closed","template":"","meta":{"footnotes":""},"class_list":["post-1367","page","type-page","status-publish"],"_links":{"self":[{"href":"https:\/\/www.educacionrural.org\/index.php?rest_route=\/wp\/v2\/pages\/1367","targetHints":{"allow":["GET"]}}],"collection":[{"href":"https:\/\/www.educacionrural.org\/index.php?rest_route=\/wp\/v2\/pages"}],"about":[{"href":"https:\/\/www.educacionrural.org\/index.php?rest_route=\/wp\/v2\/types\/page"}],"author":[{"embeddable":true,"href":"https:\/\/www.educacionrural.org\/index.php?rest_route=\/wp\/v2\/users\/2"}],"replies":[{"embeddable":true,"href":"https:\/\/www.educacionrural.org\/index.php?rest_route=%2Fwp%2Fv2%2Fcomments&post=1367"}],"version-history":[{"count":5,"href":"https:\/\/www.educacionrural.org\/index.php?rest_route=\/wp\/v2\/pages\/1367\/revisions"}],"predecessor-version":[{"id":3854,"href":"https:\/\/www.educacionrural.org\/index.php?rest_route=\/wp\/v2\/pages\/1367\/revisions\/3854"}],"up":[{"embeddable":true,"href":"https:\/\/www.educacionrural.org\/index.php?rest_route=\/wp\/v2\/pages\/21"}],"wp:attachment":[{"href":"https:\/\/www.educacionrural.org\/index.php?rest_route=%2Fwp%2Fv2%2Fmedia&parent=1367"}],"curies":[{"name":"wp","href":"https:\/\/api.w.org\/{rel}","templated":true}]}}

Flores &#8211; El alumnado del Internado Rural Agustín Ferreiro

<p>El Internado de la Escuela  Nº 5 Agustín Ferreiro tiene capacidad para albergar 30 escolares.</p>
<p>En la actualidad  atiende a 23 alumnos.</p>
<p>Los niños son hijos de peones de estancia, de algún pequeño productor y de un funcionario público que está radicado en la zona.</p>
<p><a href="http://www.educacionrural.org/wp-content/uploads/Internado-y-Grutas-050.jpg"><img loading="lazy" decoding="async" class="alignleft size-large wp-image-1368" src="http://www.educacionrural.org/wp-content/uploads/Internado-y-Grutas-050-1024x768.jpg" alt="Internado y Grutas 050" width="279" height="239" /></a> <a href="http://www.educacionrural.org/wp-content/uploads/Internado-y-Grutas-051.jpg"><img loading="lazy" decoding="async" class="alignleft size-large wp-image-1370" style="float: right;" src="http://www.educacionrural.org/wp-content/uploads/Internado-y-Grutas-051-1024x768.jpg" alt="Internado y Grutas 051" width="320" height="241" srcset="https://www.educacionrural.org/wp-content/uploads/Internado-y-Grutas-051-1024x768.jpg 1024w, https://www.educacionrural.org/wp-content/uploads/Internado-y-Grutas-051-300x225.jpg 300w" sizes="auto, (max-width: 320px) 100vw, 320px" /></a></p>
<p>&nbsp;</p>
<p>&nbsp;</p>
<p>&nbsp;</p>
<p>&nbsp;</p>
<p>&nbsp;</p>
<p>&nbsp;</p>
<p>&nbsp;</p>
<p>Los alumnos llegan desde Flores y de otros departamentos vecinos: Soriano, Durazno, San José y Río Negro.</p>
<p>Todos provienen del medio rural (exigencia del centro docente) y son niños que por diversos motivos como falta de escuelas cercanas o accidentes geográficos no pueden llegar a los establecimientos más cercanos.</p>
<p>Los niños ingresan al Internado el día lunes por la mañana y se retiran los viernes al mediodía.</p>
<p>Algunos alumnos se van en ómnibus, otros son retirados por sus padres y otros viajan a Trinidad con una docente quien se encarga de embarcarlos en las distintas agencias que los llevan a los parajes de los que proceden donde los espera algún familiar para acompañarlos hasta sus hogares.</p>
<p><a href="http://www.educacionrural.org/wp-content/uploads/Internado-y-Grutas-056.jpg"><img loading="lazy" decoding="async" class="alignleft size-large wp-image-1372" src="http://www.educacionrural.org/wp-content/uploads/Internado-y-Grutas-056-1024x768.jpg" alt="Internado y Grutas 056" width="317" height="237" srcset="https://www.educacionrural.org/wp-content/uploads/Internado-y-Grutas-056-1024x768.jpg 1024w, https://www.educacionrural.org/wp-content/uploads/Internado-y-Grutas-056-300x225.jpg 300w" sizes="auto, (max-width: 317px) 100vw, 317px" /></a>  <a href="http://www.educacionrural.org/wp-content/uploads/Internado-y-Grutas-061.jpg"><img loading="lazy" decoding="async" class="alignleft size-large wp-image-1357" style="float: right;" src="http://www.educacionrural.org/wp-content/uploads/Internado-y-Grutas-061-1024x768.jpg" alt="Internado y Grutas 061" width="317" height="237" srcset="https://www.educacionrural.org/wp-content/uploads/Internado-y-Grutas-061-1024x768.jpg 1024w, https://www.educacionrural.org/wp-content/uploads/Internado-y-Grutas-061-300x225.jpg 300w" sizes="auto, (max-width: 317px) 100vw, 317px" /></a></p>

<p>El Internado de la Escuela  Nº 5 Agustín Ferreiro tiene capacidad para albergar 30 escolares. En la actualidad  atiende a 23 alumnos. Los niños son hijos de peones de estancia, de algún pequeño productor y de un funcionario público que está radicado en la zona.   &nbsp; &nbsp; &nbsp; &nbsp; &nbsp; &nbsp; &nbsp; Los alumnos &#8230; <a title="Flores &#8211; El alumnado del Internado Rural Agustín Ferreiro" class="read-more" href="https://www.educacionrural.org/?page_id=1367" aria-label="Leer más sobre Flores &#8211; El alumnado del Internado Rural Agustín Ferreiro">Leer más</a></p>
