{"id":1758,"date":"2013-08-28T15:07:19","date_gmt":"2013-08-28T17:07:19","guid":{"rendered":"http:\/\/www.educacionrural.org\/?page_id=1758"},"modified":"2017-10-09T18:28:29","modified_gmt":"2017-10-09T20:28:29","slug":"dia-del-nino-rural-recreacion","status":"publish","type":"page","link":"https:\/\/www.educacionrural.org\/?page_id=1758","title":{"rendered":"Durazno &#8211; D\u00eda del Ni\u00f1o Rural. Recreaci\u00f3n"},"content":{"rendered":"<p><b><i>\u201cLos Estados Partes reconocen el derecho del ni\u00f1o al descanso y el esparcimiento, al juego y a las actividades recreativas propias de su edad y a participar libremente en la vida cultural y en las artes<\/i><\/b><b>.\u201d<\/b><\/p>\n<h4>\u00a0Convenci\u00f3n sobre los Derechos del Ni\u00f1o Art\u00edculo 31<\/h4>\n<p>La realidad que se da en nuestro campo con respecto a las posibilidades de recreaci\u00f3n de los ni\u00f1os que all\u00ed viven es totalmente diferente a la de la ciudad. Esta afirmaci\u00f3n, que puede parecer de Perogrullo,\u00a0 subraya\u00a0 un contexto que no siempre es tenido en cuenta cuando se habla de la infancia en el pa\u00eds.<\/p>\n<p>La escasa poblaci\u00f3n campesina, las distancias, la baja natalidad son s\u00f3lo algunos de los factores que determinan que los escolares de nuestro campo encuentren pocas\u00a0 oportunidades de interactuar con otros ni\u00f1os y\u00a0 de\u00a0 disfrutar \u201clibremente, en la vida cultural y en las artes\u201d tal como lo establece la Convenci\u00f3n sobre los Derechos del Ni\u00f1o.<\/p>\n<p>El <b>D\u00eda del Ni\u00f1o Rural<\/b>\u00a0 permiti\u00f3 que los escolares asistentes al encuentro disfrutaran de diversas\u00a0\u00a0 actividades de recreaci\u00f3n y\u00a0 de los \u00a0juegos que ofrece el Parque as\u00ed como de otros que se instalaron para el evento.<\/p>\n<p><a href=\"http:\/\/www.educacionrural.org\/wp-content\/uploads\/Durazno-027.jpg\"><img loading=\"lazy\" decoding=\"async\" class=\"alignnone size-large wp-image-1759\" src=\"http:\/\/www.educacionrural.org\/wp-content\/uploads\/Durazno-027-1024x768.jpg\" alt=\"Durazno 027\" width=\"710\" height=\"530\" \/><\/a><\/p>\n<p><a href=\"http:\/\/www.educacionrural.org\/wp-content\/uploads\/Durazno-029.jpg\"><img loading=\"lazy\" decoding=\"async\" class=\"alignnone size-large wp-image-1760\" src=\"http:\/\/www.educacionrural.org\/wp-content\/uploads\/Durazno-029-1024x768.jpg\" alt=\"Durazno 029\" width=\"709\" height=\"531\" srcset=\"https:\/\/www.educacionrural.org\/wp-content\/uploads\/Durazno-029-1024x768.jpg 1024w, https:\/\/www.educacionrural.org\/wp-content\/uploads\/Durazno-029-300x225.jpg 300w\" sizes=\"auto, (max-width: 709px) 100vw, 709px\" \/><\/a><\/p>\n<p><a href=\"http:\/\/www.educacionrural.org\/wp-content\/uploads\/Durazno-030.jpg\"><img loading=\"lazy\" decoding=\"async\" class=\"alignnone size-large wp-image-1761\" src=\"http:\/\/www.educacionrural.org\/wp-content\/uploads\/Durazno-030-1024x768.jpg\" alt=\"Durazno 030\" width=\"710\" height=\"532\" srcset=\"https:\/\/www.educacionrural.org\/wp-content\/uploads\/Durazno-030-1024x768.jpg 1024w, https:\/\/www.educacionrural.org\/wp-content\/uploads\/Durazno-030-300x225.jpg 300w\" sizes=\"auto, (max-width: 710px) 100vw, 710px\" \/><\/a><\/p>\n<p><a href=\"http:\/\/www.educacionrural.org\/wp-content\/uploads\/Durazno-028.jpg\"><img loading=\"lazy\" decoding=\"async\" class=\"alignnone size-large wp-image-1762\" src=\"http:\/\/www.educacionrural.org\/wp-content\/uploads\/Durazno-028-1024x768.jpg\" alt=\"Durazno 028\" width=\"708\" height=\"530\" srcset=\"https:\/\/www.educacionrural.org\/wp-content\/uploads\/Durazno-028-1024x768.jpg 1024w, https:\/\/www.educacionrural.org\/wp-content\/uploads\/Durazno-028-300x225.jpg 300w\" sizes=\"auto, (max-width: 708px) 100vw, 708px\" \/><\/a><\/p>\n","protected":false},"excerpt":{"rendered":"<p>\u201cLos Estados Partes reconocen el derecho del ni\u00f1o al descanso y el esparcimiento, al juego y a las actividades recreativas propias de su edad y a participar libremente en la vida cultural y en las artes.\u201d \u00a0Convenci\u00f3n sobre los Derechos del Ni\u00f1o Art\u00edculo 31 La realidad que se da en nuestro campo con respecto a &#8230; <a title=\"Durazno &#8211; D\u00eda del Ni\u00f1o Rural. Recreaci\u00f3n\" class=\"read-more\" href=\"https:\/\/www.educacionrural.org\/?page_id=1758\" aria-label=\"Leer m\u00e1s sobre Durazno &#8211; D\u00eda del Ni\u00f1o Rural. Recreaci\u00f3n\">Leer m\u00e1s<\/a><\/p>\n","protected":false},"author":2,"featured_media":0,"parent":21,"menu_order":17,"comment_status":"closed","ping_status":"closed","template":"","meta":{"footnotes":""},"class_list":["post-1758","page","type-page","status-publish"],"_links":{"self":[{"href":"https:\/\/www.educacionrural.org\/index.php?rest_route=\/wp\/v2\/pages\/1758","targetHints":{"allow":["GET"]}}],"collection":[{"href":"https:\/\/www.educacionrural.org\/index.php?rest_route=\/wp\/v2\/pages"}],"about":[{"href":"https:\/\/www.educacionrural.org\/index.php?rest_route=\/wp\/v2\/types\/page"}],"author":[{"embeddable":true,"href":"https:\/\/www.educacionrural.org\/index.php?rest_route=\/wp\/v2\/users\/2"}],"replies":[{"embeddable":true,"href":"https:\/\/www.educacionrural.org\/index.php?rest_route=%2Fwp%2Fv2%2Fcomments&post=1758"}],"version-history":[{"count":3,"href":"https:\/\/www.educacionrural.org\/index.php?rest_route=\/wp\/v2\/pages\/1758\/revisions"}],"predecessor-version":[{"id":3833,"href":"https:\/\/www.educacionrural.org\/index.php?rest_route=\/wp\/v2\/pages\/1758\/revisions\/3833"}],"up":[{"embeddable":true,"href":"https:\/\/www.educacionrural.org\/index.php?rest_route=\/wp\/v2\/pages\/21"}],"wp:attachment":[{"href":"https:\/\/www.educacionrural.org\/index.php?rest_route=%2Fwp%2Fv2%2Fmedia&parent=1758"}],"curies":[{"name":"wp","href":"https:\/\/api.w.org\/{rel}","templated":true}]}}