{"id":2003,"date":"2013-09-20T16:39:44","date_gmt":"2013-09-20T19:39:44","guid":{"rendered":"http:\/\/www.educacionrural.org\/?page_id=2003"},"modified":"2013-09-21T15:05:24","modified_gmt":"2013-09-21T18:05:24","slug":"becarios-del-instituto-normal-rural-en-estacion-gonzalez-departamento-de-san-jose","status":"publish","type":"page","link":"https:\/\/www.educacionrural.org\/?page_id=2003","title":{"rendered":"Becarios del Instituto Normal Rural, Estaci\u00f3n Gonz\u00e1lez, departamento de San Jos\u00e9"},"content":{"rendered":"<figure id=\"attachment_2004\" aria-describedby=\"caption-attachment-2004\" style=\"width: 590px\" class=\"wp-caption aligncenter\"><a href=\"http:\/\/www.educacionrural.org\/wp-content\/uploads\/Becarios-del-Instituto-Normal-Rural-en-Estaci\u00f3n-Gonz\u00e1lez-departamento-de-San-Jos\u00e9.jpg\"><img loading=\"lazy\" decoding=\"async\" class=\"size-full wp-image-2004 \" alt=\"Becarios del Instituto Normal Rural en Estaci\u00f3n Gonz\u00e1lez, departamento de San  Jos\u00e9\" src=\"http:\/\/www.educacionrural.org\/wp-content\/uploads\/Becarios-del-Instituto-Normal-Rural-en-Estaci\u00f3n-Gonz\u00e1lez-departamento-de-San-Jos\u00e9.jpg\" width=\"600\" height=\"388\" srcset=\"https:\/\/www.educacionrural.org\/wp-content\/uploads\/Becarios-del-Instituto-Normal-Rural-en-Estaci\u00f3n-Gonz\u00e1lez-departamento-de-San-Jos\u00e9.jpg 1002w, https:\/\/www.educacionrural.org\/wp-content\/uploads\/Becarios-del-Instituto-Normal-Rural-en-Estaci\u00f3n-Gonz\u00e1lez-departamento-de-San-Jos\u00e9-300x194.jpg 300w\" sizes=\"auto, (max-width: 600px) 100vw, 600px\" \/><\/a><figcaption id=\"caption-attachment-2004\" class=\"wp-caption-text\">Becarios del Instituto Normal Rural en Estaci\u00f3n Gonz\u00e1lez departamento de San Jos\u00e9<\/figcaption><\/figure>\n<p style=\"text-align: center;\">\n","protected":false},"excerpt":{"rendered":"","protected":false},"author":2,"featured_media":0,"parent":41,"menu_order":0,"comment_status":"closed","ping_status":"closed","template":"","meta":{"footnotes":""},"class_list":["post-2003","page","type-page","status-publish"],"_links":{"self":[{"href":"https:\/\/www.educacionrural.org\/index.php?rest_route=\/wp\/v2\/pages\/2003","targetHints":{"allow":["GET"]}}],"collection":[{"href":"https:\/\/www.educacionrural.org\/index.php?rest_route=\/wp\/v2\/pages"}],"about":[{"href":"https:\/\/www.educacionrural.org\/index.php?rest_route=\/wp\/v2\/types\/page"}],"author":[{"embeddable":true,"href":"https:\/\/www.educacionrural.org\/index.php?rest_route=\/wp\/v2\/users\/2"}],"replies":[{"embeddable":true,"href":"https:\/\/www.educacionrural.org\/index.php?rest_route=%2Fwp%2Fv2%2Fcomments&post=2003"}],"version-history":[{"count":2,"href":"https:\/\/www.educacionrural.org\/index.php?rest_route=\/wp\/v2\/pages\/2003\/revisions"}],"predecessor-version":[{"id":2130,"href":"https:\/\/www.educacionrural.org\/index.php?rest_route=\/wp\/v2\/pages\/2003\/revisions\/2130"}],"up":[{"embeddable":true,"href":"https:\/\/www.educacionrural.org\/index.php?rest_route=\/wp\/v2\/pages\/41"}],"wp:attachment":[{"href":"https:\/\/www.educacionrural.org\/index.php?rest_route=%2Fwp%2Fv2%2Fmedia&parent=2003"}],"curies":[{"name":"wp","href":"https:\/\/api.w.org\/{rel}","templated":true}]}}

Becarios del Instituto Normal Rural, Estación González, departamento de San José

<figure id="attachment_2004" aria-describedby="caption-attachment-2004" style="width: 590px" class="wp-caption aligncenter"><a href="http://www.educacionrural.org/wp-content/uploads/Becarios-del-Instituto-Normal-Rural-en-Estación-González-departamento-de-San-José.jpg"><img loading="lazy" decoding="async" class="size-full wp-image-2004 " alt="Becarios del Instituto Normal Rural en Estación González, departamento de San  José" src="http://www.educacionrural.org/wp-content/uploads/Becarios-del-Instituto-Normal-Rural-en-Estación-González-departamento-de-San-José.jpg" width="600" height="388" srcset="https://www.educacionrural.org/wp-content/uploads/Becarios-del-Instituto-Normal-Rural-en-Estación-González-departamento-de-San-José.jpg 1002w, https://www.educacionrural.org/wp-content/uploads/Becarios-del-Instituto-Normal-Rural-en-Estación-González-departamento-de-San-José-300x194.jpg 300w" sizes="auto, (max-width: 600px) 100vw, 600px" /></a><figcaption id="caption-attachment-2004" class="wp-caption-text">Becarios del Instituto Normal Rural en Estación González departamento de San José</figcaption></figure>
<p style="text-align: center;">
