{"id":2913,"date":"2014-05-21T16:05:37","date_gmt":"2014-05-21T18:05:37","guid":{"rendered":"http:\/\/www.educacionrural.org\/?page_id=2913"},"modified":"2017-10-09T18:51:58","modified_gmt":"2017-10-09T20:51:58","slug":"maldonado-el-personal-del-c-e-c-r-u","status":"publish","type":"page","link":"https:\/\/www.educacionrural.org\/?page_id=2913","title":{"rendered":"Maldonado &#8211; El personal del C.E.C.R.U."},"content":{"rendered":"<p>El personal del Centro Educativo de Capacitaci\u00f3n Rural<\/p>\n<p>El Centro Educativo de Capacitaci\u00f3n Rural dispone de un peque\u00f1o equipo de trabajo. Pese a ello, y a la complejidad del programa que tiene que llevar adelante, la labor se cumple con total eficiencia porque reina en el grupo un fuerte esp\u00edritu de cuerpo y una total entrega. En nuestra visita apreciamos un gran cari\u00f1o por la Instituci\u00f3n.<br \/>\nLas actividades docentes son organizadas por dos maestras: la Directora, Sra. Serrana Correa y una ayudante, la Sra. Beatriz Solana.<br \/>\nLas auxiliares de cocina y comedor son dos: las se\u00f1oras Yolanda Pereira y Adriana Cuadrado. La suplente de auxiliar es la Sra. Mary Carrasco.<\/p>\n<p>El personal se completa con un pe\u00f3n, el Sr. Mario Sosa, quien trabaja cuatro horas diarias.<br \/>\nLa Maestra Directora destaca la valiosa colaboraci\u00f3n que presta un vecino, para todos Don Ant\u00fanez, quien se\u00a0 allega al Centro en su bicicleta desde su casa en Cerros Azules, y da su apoyo en las actividades que se le requieran.<br \/>\nNos retiramos del CECRU con la impresi\u00f3n de haber visitado un establecimiento educativo en el que se trabaja con entrega y entusiasmo, superando las m\u00faltiples carencias que hay que solucionar d\u00eda a d\u00eda a fuerza de tes\u00f3n, creatividad y cari\u00f1o por la tarea que se cumple.<\/p>\n<p><iframe loading=\"lazy\" src=\"\/\/www.youtube.com\/embed\/jaORGSgnfLE\" width=\"425\" height=\"350\"><\/iframe><\/p>\n<p>&nbsp;<\/p>\n","protected":false},"excerpt":{"rendered":"<p>El personal del Centro Educativo de Capacitaci\u00f3n Rural El Centro Educativo de Capacitaci\u00f3n Rural dispone de un peque\u00f1o equipo de trabajo. Pese a ello, y a la complejidad del programa que tiene que llevar adelante, la labor se cumple con total eficiencia porque reina en el grupo un fuerte esp\u00edritu de cuerpo y una total &#8230; <a title=\"Maldonado &#8211; El personal del C.E.C.R.U.\" class=\"read-more\" href=\"https:\/\/www.educacionrural.org\/?page_id=2913\" aria-label=\"Leer m\u00e1s sobre Maldonado &#8211; El personal del C.E.C.R.U.\">Leer m\u00e1s<\/a><\/p>\n","protected":false},"author":2,"featured_media":0,"parent":21,"menu_order":53,"comment_status":"closed","ping_status":"closed","template":"","meta":{"footnotes":""},"class_list":["post-2913","page","type-page","status-publish"],"_links":{"self":[{"href":"https:\/\/www.educacionrural.org\/index.php?rest_route=\/wp\/v2\/pages\/2913","targetHints":{"allow":["GET"]}}],"collection":[{"href":"https:\/\/www.educacionrural.org\/index.php?rest_route=\/wp\/v2\/pages"}],"about":[{"href":"https:\/\/www.educacionrural.org\/index.php?rest_route=\/wp\/v2\/types\/page"}],"author":[{"embeddable":true,"href":"https:\/\/www.educacionrural.org\/index.php?rest_route=\/wp\/v2\/users\/2"}],"replies":[{"embeddable":true,"href":"https:\/\/www.educacionrural.org\/index.php?rest_route=%2Fwp%2Fv2%2Fcomments&post=2913"}],"version-history":[{"count":3,"href":"https:\/\/www.educacionrural.org\/index.php?rest_route=\/wp\/v2\/pages\/2913\/revisions"}],"predecessor-version":[{"id":2916,"href":"https:\/\/www.educacionrural.org\/index.php?rest_route=\/wp\/v2\/pages\/2913\/revisions\/2916"}],"up":[{"embeddable":true,"href":"https:\/\/www.educacionrural.org\/index.php?rest_route=\/wp\/v2\/pages\/21"}],"wp:attachment":[{"href":"https:\/\/www.educacionrural.org\/index.php?rest_route=%2Fwp%2Fv2%2Fmedia&parent=2913"}],"curies":[{"name":"wp","href":"https:\/\/api.w.org\/{rel}","templated":true}]}}

<p>El personal del Centro Educativo de Capacitación Rural</p>
<p>El Centro Educativo de Capacitación Rural dispone de un pequeño equipo de trabajo. Pese a ello, y a la complejidad del programa que tiene que llevar adelante, la labor se cumple con total eficiencia porque reina en el grupo un fuerte espíritu de cuerpo y una total entrega. En nuestra visita apreciamos un gran cariño por la Institución.<br />
Las actividades docentes son organizadas por dos maestras: la Directora, Sra. Serrana Correa y una ayudante, la Sra. Beatriz Solana.<br />
Las auxiliares de cocina y comedor son dos: las señoras Yolanda Pereira y Adriana Cuadrado. La suplente de auxiliar es la Sra. Mary Carrasco.</p>
<p>El personal se completa con un peón, el Sr. Mario Sosa, quien trabaja cuatro horas diarias.<br />
La Maestra Directora destaca la valiosa colaboración que presta un vecino, para todos Don Antúnez, quien se  allega al Centro en su bicicleta desde su casa en Cerros Azules, y da su apoyo en las actividades que se le requieran.<br />
Nos retiramos del CECRU con la impresión de haber visitado un establecimiento educativo en el que se trabaja con entrega y entusiasmo, superando las múltiples carencias que hay que solucionar día a día a fuerza de tesón, creatividad y cariño por la tarea que se cumple.</p>
<p><iframe loading="lazy" src="//www.youtube.com/embed/jaORGSgnfLE" width="425" height="350"></iframe></p>
<p>&nbsp;</p>

<p>El personal del Centro Educativo de Capacitación Rural El Centro Educativo de Capacitación Rural dispone de un pequeño equipo de trabajo. Pese a ello, y a la complejidad del programa que tiene que llevar adelante, la labor se cumple con total eficiencia porque reina en el grupo un fuerte espíritu de cuerpo y una total &#8230; <a title="Maldonado &#8211; El personal del C.E.C.R.U." class="read-more" href="https://www.educacionrural.org/?page_id=2913" aria-label="Leer más sobre Maldonado &#8211; El personal del C.E.C.R.U.">Leer más</a></p>
