{"id":3028,"date":"2014-06-18T16:41:17","date_gmt":"2014-06-18T18:41:17","guid":{"rendered":"http:\/\/www.educacionrural.org\/?page_id=3028"},"modified":"2017-10-09T18:29:55","modified_gmt":"2017-10-09T20:29:55","slug":"durazno-celebracion-del-dia-de-la-educacion-rural","status":"publish","type":"page","link":"https:\/\/www.educacionrural.org\/?page_id=3028","title":{"rendered":"Durazno &#8211; Celebraci\u00f3n del D\u00eda de la Educaci\u00f3n Rural"},"content":{"rendered":"<p>Presentaci\u00f3n sobre el\u00a0\u00a0encuentro celebrado en la Ciudad de Durazno con motivo del D\u00eda de la Educaci\u00f3n Rural.<\/p>\n<p><iframe loading=\"lazy\" src=\"\/\/www.youtube.com\/embed\/dhdn1QvWQR0\" width=\"425\" height=\"350\"><\/iframe><\/p>\n","protected":false},"excerpt":{"rendered":"<p>Presentaci\u00f3n sobre el\u00a0\u00a0encuentro celebrado en la Ciudad de Durazno con motivo del D\u00eda de la Educaci\u00f3n Rural.<\/p>\n","protected":false},"author":2,"featured_media":0,"parent":21,"menu_order":19,"comment_status":"closed","ping_status":"closed","template":"","meta":{"footnotes":""},"class_list":["post-3028","page","type-page","status-publish"],"_links":{"self":[{"href":"https:\/\/www.educacionrural.org\/index.php?rest_route=\/wp\/v2\/pages\/3028","targetHints":{"allow":["GET"]}}],"collection":[{"href":"https:\/\/www.educacionrural.org\/index.php?rest_route=\/wp\/v2\/pages"}],"about":[{"href":"https:\/\/www.educacionrural.org\/index.php?rest_route=\/wp\/v2\/types\/page"}],"author":[{"embeddable":true,"href":"https:\/\/www.educacionrural.org\/index.php?rest_route=\/wp\/v2\/users\/2"}],"replies":[{"embeddable":true,"href":"https:\/\/www.educacionrural.org\/index.php?rest_route=%2Fwp%2Fv2%2Fcomments&post=3028"}],"version-history":[{"count":7,"href":"https:\/\/www.educacionrural.org\/index.php?rest_route=\/wp\/v2\/pages\/3028\/revisions"}],"predecessor-version":[{"id":3047,"href":"https:\/\/www.educacionrural.org\/index.php?rest_route=\/wp\/v2\/pages\/3028\/revisions\/3047"}],"up":[{"embeddable":true,"href":"https:\/\/www.educacionrural.org\/index.php?rest_route=\/wp\/v2\/pages\/21"}],"wp:attachment":[{"href":"https:\/\/www.educacionrural.org\/index.php?rest_route=%2Fwp%2Fv2%2Fmedia&parent=3028"}],"curies":[{"name":"wp","href":"https:\/\/api.w.org\/{rel}","templated":true}]}}