{"id":3092,"date":"2014-08-05T16:17:01","date_gmt":"2014-08-05T18:17:01","guid":{"rendered":"http:\/\/www.educacionrural.org\/?page_id=3092"},"modified":"2014-08-05T16:24:37","modified_gmt":"2014-08-05T18:24:37","slug":"fundamentos-del-informe","status":"publish","type":"page","link":"https:\/\/www.educacionrural.org\/?page_id=3092","title":{"rendered":"Fundamentos del Informe"},"content":{"rendered":"<p><img loading=\"lazy\" decoding=\"async\" class=\"alignleft wp-image-3095\" src=\"http:\/\/www.educacionrural.org\/wp-content\/uploads\/Foto-de-la-tapa-714x1024.jpg\" alt=\"Foto de la tapa\" width=\"280\" height=\"402\" srcset=\"https:\/\/www.educacionrural.org\/wp-content\/uploads\/Foto-de-la-tapa-714x1024.jpg 714w, https:\/\/www.educacionrural.org\/wp-content\/uploads\/Foto-de-la-tapa-209x300.jpg 209w\" sizes=\"auto, (max-width: 280px) 100vw, 280px\" \/>El Congreso considera que la Escuela P\u00fablica uruguaya ha superado en mucho las deficitarias condiciones materiales de la misma, para cumplir con los objetivos de la educaci\u00f3n moderna.<\/p>\n<p>Que para este cumplimiento ha resultado y resulta vital la colaboraci\u00f3n de las Comisiones de Fomento y amigos de la Escuela P\u00fablica, junto al maestro.<\/p>\n<p>Destaca la opini\u00f3n popular favorable a las orientaciones y m\u00e9todos de los actuales programas de la Escuela P\u00fablica que tienden a la aplicaci\u00f3n del m\u00e9todo cient\u00edfico en la soluci\u00f3n de los problemas al respecto de la personalidad del ni\u00f1o considerada en su integridad.<\/p>\n<p>Esa opini\u00f3n se ha mantenido y a\u00fan acrecentado frente a los ataques que desde diversos sectores interesados ha recibido la Escuela del pueblo.<\/p>\n<p>Hace notar que, pese a los esfuerzos del Magisterio por aplicar t\u00e9cnicas pedag\u00f3gicas progresistas, la obra se ve limitada por la carencia de los medios necesarios para la experimentaci\u00f3n cient\u00edfica, para la vivencia de contenido emocional y est\u00e9tico que exige contactos especiales con la Naturaleza y el Arte, para la educaci\u00f3n f\u00edsica y manual en ambientes adecuados.<\/p>\n<p>&nbsp;<\/p>\n<h2>Laicidad y Libertad de Ense\u00f1anza<\/h2>\n<p>Con respecto al principio de laicidad el Congreso Nacional de Apoyo a la Escuela P\u00fablica entiende:<\/p>\n<p>a)\u00a0\u00a0\u00a0\u00a0 Que la actitud laica supone la adquisici\u00f3n del pensamiento reflexivo y por lo\u00a0 mismo del juicio cr\u00edtico y la formaci\u00f3n de una \u00e9tica basada en el respeto y en la vigencia de los valores permanentes de justicia y libertad que aseguren la convivencia arm\u00f3nica de personas con distinta militancia en los dominios de la religi\u00f3n, de la filosof\u00eda o de la pol\u00edtica.<\/p>\n<p>b)\u00a0\u00a0\u00a0\u00a0 Que la defensa de la laicidad en la educaci\u00f3n no supone ataque a\u00a0\u00a0 ninguna religi\u00f3n, pol\u00edtica o filosof\u00eda, sino oposici\u00f3n a formas did\u00e1cticas que en nombre de esas posiciones lejos de cultivar el libre pensamiento cultivan en el ni\u00f1o una actitud de creencia impuesta por autoridad.<\/p>\n<p>c)\u00a0\u00a0\u00a0\u00a0 Que para la vigencia de la laicidad en la escuela tiene enorme importancia la formaci\u00f3n del maestro dentro de un esp\u00edritu esencialmente laico.<\/p>\n<p>d)\u00a0\u00a0\u00a0\u00a0 Que\u00a0 es imperiosamente necesario que la laicidad rija en todos los establecimientos educativos y reeducativos del Estado y muy especialmente en los que pertenecen al Consejo del Ni\u00f1o.<\/p>\n<p>e)\u00a0\u00a0\u00a0\u00a0 Que es urgente la reglamentaci\u00f3n de la libertad de ense\u00f1anza reclamada por la Constituci\u00f3n de la Rep\u00fablica, para la defensa de\u00a0 todos los educandos frente a formas did\u00e1cticas opuestas a la libertad. Con respecto a los principios de obligatoriedad y gratuidad que hacen de la escuela p\u00fablica instrumento de democratizaci\u00f3n por ofrecer a todos iguales oportunidades educativas, el Congreso Nacional de Apoyo a la Escuela P\u00fablica entiende que para que estos principios operen sin limitaciones es necesario:<\/p>\n<p>1)\u00a0\u00a0\u00a0\u00a0\u00a0\u00a0\u00a0\u00a0\u00a0 Un presupuesto que contemple las necesidades de la poblaci\u00f3n escolar;<\/p>\n<p>2)\u00a0\u00a0\u00a0\u00a0\u00a0\u00a0\u00a0\u00a0\u00a0 Una pol\u00edtica de protecci\u00f3n social y econ\u00f3mica de la familia que asegure la concurrencia de todos los ni\u00f1os a la escuela evitando la inasistencia y la deserci\u00f3n.<\/p>\n<h2>Participaci\u00f3n del Magisterio<\/h2>\n<p>Para la efectiva aplicaci\u00f3n de los principios b\u00e1sicos de la Escuela P\u00fablica el Congreso Nacional entiende que es fundamental la participaci\u00f3n del Magisterio en el gobierno de la ense\u00f1anza para asegurarle absoluta libertad frente a toda influencia filos\u00f3fica o religiosa, as\u00ed como para garantizar la jerarqu\u00eda de la funci\u00f3n t\u00e9cnico-docente que debe cumplir.<\/p>\n","protected":false},"excerpt":{"rendered":"<p>El Congreso considera que la Escuela P\u00fablica uruguaya ha superado en mucho las deficitarias condiciones materiales de la misma, para cumplir con los objetivos de la educaci\u00f3n moderna. Que para este cumplimiento ha resultado y resulta vital la colaboraci\u00f3n de las Comisiones de Fomento y amigos de la Escuela P\u00fablica, junto al maestro. Destaca la &#8230; <a title=\"Fundamentos del Informe\" class=\"read-more\" href=\"https:\/\/www.educacionrural.org\/?page_id=3092\" aria-label=\"Leer m\u00e1s sobre Fundamentos del Informe\">Leer m\u00e1s<\/a><\/p>\n","protected":false},"author":2,"featured_media":0,"parent":59,"menu_order":2,"comment_status":"closed","ping_status":"closed","template":"","meta":{"footnotes":""},"class_list":["post-3092","page","type-page","status-publish"],"_links":{"self":[{"href":"https:\/\/www.educacionrural.org\/index.php?rest_route=\/wp\/v2\/pages\/3092","targetHints":{"allow":["GET"]}}],"collection":[{"href":"https:\/\/www.educacionrural.org\/index.php?rest_route=\/wp\/v2\/pages"}],"about":[{"href":"https:\/\/www.educacionrural.org\/index.php?rest_route=\/wp\/v2\/types\/page"}],"author":[{"embeddable":true,"href":"https:\/\/www.educacionrural.org\/index.php?rest_route=\/wp\/v2\/users\/2"}],"replies":[{"embeddable":true,"href":"https:\/\/www.educacionrural.org\/index.php?rest_route=%2Fwp%2Fv2%2Fcomments&post=3092"}],"version-history":[{"count":3,"href":"https:\/\/www.educacionrural.org\/index.php?rest_route=\/wp\/v2\/pages\/3092\/revisions"}],"predecessor-version":[{"id":3097,"href":"https:\/\/www.educacionrural.org\/index.php?rest_route=\/wp\/v2\/pages\/3092\/revisions\/3097"}],"up":[{"embeddable":true,"href":"https:\/\/www.educacionrural.org\/index.php?rest_route=\/wp\/v2\/pages\/59"}],"wp:attachment":[{"href":"https:\/\/www.educacionrural.org\/index.php?rest_route=%2Fwp%2Fv2%2Fmedia&parent=3092"}],"curies":[{"name":"wp","href":"https:\/\/api.w.org\/{rel}","templated":true}]}}

<p><img loading="lazy" decoding="async" class="alignleft wp-image-3095" src="http://www.educacionrural.org/wp-content/uploads/Foto-de-la-tapa-714x1024.jpg" alt="Foto de la tapa" width="280" height="402" srcset="https://www.educacionrural.org/wp-content/uploads/Foto-de-la-tapa-714x1024.jpg 714w, https://www.educacionrural.org/wp-content/uploads/Foto-de-la-tapa-209x300.jpg 209w" sizes="auto, (max-width: 280px) 100vw, 280px" />El Congreso considera que la Escuela Pública uruguaya ha superado en mucho las deficitarias condiciones materiales de la misma, para cumplir con los objetivos de la educación moderna.</p>
<p>Que para este cumplimiento ha resultado y resulta vital la colaboración de las Comisiones de Fomento y amigos de la Escuela Pública, junto al maestro.</p>
<p>Destaca la opinión popular favorable a las orientaciones y métodos de los actuales programas de la Escuela Pública que tienden a la aplicación del método científico en la solución de los problemas al respecto de la personalidad del niño considerada en su integridad.</p>
<p>Esa opinión se ha mantenido y aún acrecentado frente a los ataques que desde diversos sectores interesados ha recibido la Escuela del pueblo.</p>
<p>Hace notar que, pese a los esfuerzos del Magisterio por aplicar técnicas pedagógicas progresistas, la obra se ve limitada por la carencia de los medios necesarios para la experimentación científica, para la vivencia de contenido emocional y estético que exige contactos especiales con la Naturaleza y el Arte, para la educación física y manual en ambientes adecuados.</p>
<p>&nbsp;</p>
<h2>Laicidad y Libertad de Enseñanza</h2>
<p>Con respecto al principio de laicidad el Congreso Nacional de Apoyo a la Escuela Pública entiende:</p>
<p>a)     Que la actitud laica supone la adquisición del pensamiento reflexivo y por lo  mismo del juicio crítico y la formación de una ética basada en el respeto y en la vigencia de los valores permanentes de justicia y libertad que aseguren la convivencia armónica de personas con distinta militancia en los dominios de la religión, de la filosofía o de la política.</p>
<p>b)     Que la defensa de la laicidad en la educación no supone ataque a   ninguna religión, política o filosofía, sino oposición a formas didácticas que en nombre de esas posiciones lejos de cultivar el libre pensamiento cultivan en el niño una actitud de creencia impuesta por autoridad.</p>
<p>c)     Que para la vigencia de la laicidad en la escuela tiene enorme importancia la formación del maestro dentro de un espíritu esencialmente laico.</p>
<p>d)     Que  es imperiosamente necesario que la laicidad rija en todos los establecimientos educativos y reeducativos del Estado y muy especialmente en los que pertenecen al Consejo del Niño.</p>
<p>e)     Que es urgente la reglamentación de la libertad de enseñanza reclamada por la Constitución de la República, para la defensa de  todos los educandos frente a formas didácticas opuestas a la libertad. Con respecto a los principios de obligatoriedad y gratuidad que hacen de la escuela pública instrumento de democratización por ofrecer a todos iguales oportunidades educativas, el Congreso Nacional de Apoyo a la Escuela Pública entiende que para que estos principios operen sin limitaciones es necesario:</p>
<p>1)          Un presupuesto que contemple las necesidades de la población escolar;</p>
<p>2)          Una política de protección social y económica de la familia que asegure la concurrencia de todos los niños a la escuela evitando la inasistencia y la deserción.</p>
<h2>Participación del Magisterio</h2>
<p>Para la efectiva aplicación de los principios básicos de la Escuela Pública el Congreso Nacional entiende que es fundamental la participación del Magisterio en el gobierno de la enseñanza para asegurarle absoluta libertad frente a toda influencia filosófica o religiosa, así como para garantizar la jerarquía de la función técnico-docente que debe cumplir.</p>

<p>El Congreso considera que la Escuela Pública uruguaya ha superado en mucho las deficitarias condiciones materiales de la misma, para cumplir con los objetivos de la educación moderna. Que para este cumplimiento ha resultado y resulta vital la colaboración de las Comisiones de Fomento y amigos de la Escuela Pública, junto al maestro. Destaca la &#8230; <a title="Fundamentos del Informe" class="read-more" href="https://www.educacionrural.org/?page_id=3092" aria-label="Leer más sobre Fundamentos del Informe">Leer más</a></p>
