{"id":689,"date":"2011-10-13T13:49:03","date_gmt":"2011-10-13T15:49:03","guid":{"rendered":"http:\/\/www.educacionrural.org\/?page_id=689"},"modified":"2014-02-26T13:10:52","modified_gmt":"2014-02-26T15:10:52","slug":"el-abuelo-materno-de-homero-grillo","status":"publish","type":"page","link":"https:\/\/www.educacionrural.org\/?page_id=689","title":{"rendered":"El abuelo materno de Homero Grillo"},"content":{"rendered":"<p>&nbsp;<\/p>\n<h2><strong>Tom\u00e1s Escondeur\u00a0 Barb\u00e9<\/strong><\/h2>\n<p><span style=\"font-size: small;\">En 1862 arrib\u00f3 a este suelo Tom\u00e1s Escondeur Barb\u00e9.<\/span><br \/>\n<span style=\"font-size: small;\"> Proced\u00eda de la zona vasco-francesa y ven\u00eda huyendo\u00a0 del servicio militar.<\/span><\/p>\n<p><span style=\"font-size: small;\">Las circunstancias que encontraba este joven desertor en la Banda Oriental no eran exactamente\u00a0 las mismas que las que se daban\u00a0 a la llegada de los Iralde Inchausppe.<\/span><br \/>\n<span style=\"font-size: small;\"> Bernardo Berro hab\u00eda asumido como Presidente de la Rep\u00fablica dos a\u00f1os antes y procuraba llevar adelante una forma de gobernar diferente a la imperante desde 1830.<\/span><\/p>\n<p><span style=\"font-size: small;\">Intentaba eliminar los constantes enfrentamientos entre facciones para dar un impulso decisivo a la democratizaci\u00f3n de la vida del pa\u00eds al tiempo que estimulaba una pol\u00edtica tendiente a robustecer la nacionalidad oriental.<\/span><\/p>\n<p><span style=\"font-size: small;\">Esta realidad determin\u00f3, sin duda, el rumbo que Tom\u00e1s Escondeur dio a su vida en su patria\u00a0 de adopci\u00f3n. <\/span><br \/>\n<span style=\"font-size: small;\"> Este joven franc\u00e9s era inquieto y emprendedor.<\/span><\/p>\n<p><span style=\"font-size: small;\">Le interesaban los negocios y fue en ellos que busc\u00f3 su forma de sustento.<\/span><br \/>\n<span style=\"font-size: small;\"> Es as\u00ed como lo encontramos regenteando un caf\u00e9 en la capital, en el viejo Mercado que existi\u00f3 en la Plaza Independencia.<\/span><\/p>\n<p><span style=\"font-size: small;\">No permaneci\u00f3 all\u00ed mucho tiempo; pronto se traslad\u00f3 a la Aguada\u00a0 en el cruce de las\u00a0 calles Arroyo Seco y Bella Vista; a\u00f1os m\u00e1s tarde\u00a0 mud\u00f3 su comercio\u00a0 frente al edificio del nuevo Mercado en Soriano y Ciudadela.<\/span><\/p>\n<p>&nbsp;<\/p>\n<p><span style=\"font-size: large;\"><strong>Tom\u00e1s Escondeur en el Interior<\/strong><\/span><br \/>\n<span style=\"font-size: small;\">En 1874 constituy\u00f3 una sociedad con el andaluz Pascual Gim\u00e9nez con el que puso un almac\u00e9n en 18 de Julio y R\u00edo Negro.<\/span><br \/>\n<span style=\"font-size: small;\"> Su visi\u00f3n para los negocios\u00a0 le llev\u00f3 a dejar la ciudad y adentrarse en el coraz\u00f3n mismo del pa\u00eds.<\/span><\/p>\n<p><span style=\"font-size: small;\">Manteniendo la sociedad con Pascual Gim\u00e9nez\u00a0 se estableci\u00f3 en El Caballero, paraje ubicado en el departamento de Durazno.<\/span><br \/>\n<span style=\"font-size: small;\"> La elecci\u00f3n no fue hecha al azar.<\/span><\/p>\n<p><span style=\"font-size: small;\">Por aquellos tiempos El Caballero era una zona de grandes estancias y el comercio\u00a0 se encontraba en un punto estrat\u00e9gico. Estaba emplazado en una de las troncales que conduc\u00edan a los pocos pasos que permit\u00edan vadear el R\u00edo Negro en la zona oeste del departamento.<\/span><\/p>\n<p><span style=\"font-size: small;\">El\u00a0 tr\u00e1nsito hacia el norte, en la amplia extensi\u00f3n que abarca la circunscripci\u00f3n de Durazno,\u00a0 se\u00a0\u00a0\u00a0 iba desplazando hacia la\u00a0\u00a0 desembocadura del r\u00edo Yi.<\/span><br \/>\n<span style=\"font-size: small;\"> As\u00ed se fueron\u00a0 abriendo\u00a0 sendas cada vez m\u00e1s marcadas y estables que acabar\u00edan siendo paso obligado para todo aquel que\u00a0 viajara rumbo\u00a0 al\u00a0\u00a0\u00a0\u00a0 litoral norte.<\/span><\/p>\n<p><span style=\"font-size: small;\">Siguiendo el afianzamiento de esas sendas, en el a\u00f1o 1879, siempre en sociedad, Tom\u00e1s Escondeur traslad\u00f3 su comercio a Los Tapes.<\/span><\/p>\n<p><a title=\"La balsa sobre el r\u00edo Negro\" href=\"http:\/\/www.educacionrural.org\/?page_id=694\"><strong><span style=\"font-size: large;\">La balsa sobre el r\u00edo Negro<\/span><\/strong><\/a><\/p>\n<p><span style=\"font-size: small;\">Es en\u00a0 1883 que este franc\u00e9s resuelto y audaz\u00a0 concreta un emprendimiento dif\u00edcil pero muy redituable por aquellos tiempos.<\/span><br \/>\n<span style=\"font-size: small;\"> Se instala en el Paso de Porr\u00faa, abre comercio y\u00a0 con un pr\u00e9stamo\u00a0 de $ 4.000\u00a0 hecho en partes iguales por el Presb\u00edtero Manuel Juan Belz, Juan Jos\u00e9 Milans, Santiago Bordaberry y Santiago Laborde, compra a Antonio Riba la balsa del Paso de Porr\u00faa sobre el r\u00edo Negro.<\/span><\/p>\n<p><span style=\"font-size: small;\">Gran fiesta se hizo en esa oportunidad y en una foto borrosa que Homero Grillo conserv\u00f3 toda su vida, aparece\u00a0 el grupo de amigos y vecinos que celebr\u00f3\u00a0 el acontecimiento.<\/span><br \/>\n<span style=\"font-size: small;\"> Mujeres\u00a0 y ni\u00f1os a la derecha con sus trajes de \u00e9poca y apretando en sus brazos grandes ramos de flores; a la izquierda los hombres\u00a0 luciendo ponchos,\u00a0 gruesos pa\u00f1uelos al cuello y sombreros de anchas alas.<\/span><br \/>\n<span style=\"font-size: small;\"> En medio de ellos est\u00e1\u00a0 Tom\u00e1s Escondeur.<\/span><br \/>\n<span style=\"font-size: small;\"> Como fondo una cortina de altos \u00e1rboles y el cielo infinito.<\/span><br \/>\n<span style=\"font-size: small;\"> Un d\u00eda memorable sin duda. \u00a0<\/span><\/p>\n<p><img loading=\"lazy\" decoding=\"async\" class=\"aligncenter size-full wp-image-2744\" alt=\"La balsa 1\" src=\"http:\/\/www.educacionrural.org\/wp-content\/uploads\/La-balsa-1.jpg\" width=\"2337\" height=\"1679\" srcset=\"https:\/\/www.educacionrural.org\/wp-content\/uploads\/La-balsa-1.jpg 2337w, https:\/\/www.educacionrural.org\/wp-content\/uploads\/La-balsa-1-300x215.jpg 300w, https:\/\/www.educacionrural.org\/wp-content\/uploads\/La-balsa-1-1024x735.jpg 1024w\" sizes=\"auto, (max-width: 2337px) 100vw, 2337px\" \/><\/p>\n<p><span style=\"font-size: small;\">Tom\u00e1s Escondeur termin\u00f3 sus d\u00edas\u00a0 en el Paso de Porr\u00faa habi\u00e9ndose retirado en 1900 de la administraci\u00f3n de la balsa, por encontrarse enfermo. Ser\u00eda su yerno, Francisco Grillo Gonz\u00e1lez, quien le suceder\u00eda en el negocio. <\/span><\/p>\n","protected":false},"excerpt":{"rendered":"<p>&nbsp; Tom\u00e1s Escondeur\u00a0 Barb\u00e9 En 1862 arrib\u00f3 a este suelo Tom\u00e1s Escondeur Barb\u00e9. Proced\u00eda de la zona vasco-francesa y ven\u00eda huyendo\u00a0 del servicio militar. Las circunstancias que encontraba este joven desertor en la Banda Oriental no eran exactamente\u00a0 las mismas que las que se daban\u00a0 a la llegada de los Iralde Inchausppe. Bernardo Berro hab\u00eda &#8230; <a title=\"El abuelo materno de Homero Grillo\" class=\"read-more\" href=\"https:\/\/www.educacionrural.org\/?page_id=689\" aria-label=\"Leer m\u00e1s sobre El abuelo materno de Homero Grillo\">Leer m\u00e1s<\/a><\/p>\n","protected":false},"author":2,"featured_media":0,"parent":45,"menu_order":4,"comment_status":"closed","ping_status":"closed","template":"","meta":{"footnotes":""},"class_list":["post-689","page","type-page","status-publish"],"_links":{"self":[{"href":"https:\/\/www.educacionrural.org\/index.php?rest_route=\/wp\/v2\/pages\/689","targetHints":{"allow":["GET"]}}],"collection":[{"href":"https:\/\/www.educacionrural.org\/index.php?rest_route=\/wp\/v2\/pages"}],"about":[{"href":"https:\/\/www.educacionrural.org\/index.php?rest_route=\/wp\/v2\/types\/page"}],"author":[{"embeddable":true,"href":"https:\/\/www.educacionrural.org\/index.php?rest_route=\/wp\/v2\/users\/2"}],"replies":[{"embeddable":true,"href":"https:\/\/www.educacionrural.org\/index.php?rest_route=%2Fwp%2Fv2%2Fcomments&post=689"}],"version-history":[{"count":10,"href":"https:\/\/www.educacionrural.org\/index.php?rest_route=\/wp\/v2\/pages\/689\/revisions"}],"predecessor-version":[{"id":2745,"href":"https:\/\/www.educacionrural.org\/index.php?rest_route=\/wp\/v2\/pages\/689\/revisions\/2745"}],"up":[{"embeddable":true,"href":"https:\/\/www.educacionrural.org\/index.php?rest_route=\/wp\/v2\/pages\/45"}],"wp:attachment":[{"href":"https:\/\/www.educacionrural.org\/index.php?rest_route=%2Fwp%2Fv2%2Fmedia&parent=689"}],"curies":[{"name":"wp","href":"https:\/\/api.w.org\/{rel}","templated":true}]}}